prime factors of 3747/(-3)*(3 - -4)*(0 + -1).
7, 1249
Let y(s) = s**3 + 22*s**2 + 4. Suppose 7*o + 190 - 36 = 0. Let g be y(o). Suppose 0 = -2*p + 5*n + 194, -n + 356 = g*p - 3*n. List the prime factors of p.
3, 29
Let y = 17813 + -9618. List the prime factors of y.
5, 11, 149
Let c = 3055 - -36750. What are the prime factors of c?
5, 19, 419
Suppose 43*g - 17*g - 517335 + 172861 = 0. What are the prime factors of g?
13249
Let a(d) = 552*d - 763. List the prime factors of a(15).
7517
Suppose 6*l = -20 - 64. Let r be l/6 + 16/(-24). What are the prime factors of (-4 + 38)/(((-6)/5)/r)?
5, 17
Let h(w) = -212*w - 2101. List the prime factors of h(-42).
6803
Let z be 12 + 13/13 - 9. Let m be 1 + (-2 - -1)*-2. Suppose -m*x = -4*v - 538, 1230 = z*x + 2*v + 498. List the prime factors of x.
2, 7, 13
Suppose -194*q - 21729 = -199*q - 4*y, 8694 = 2*q + 4*y. List the prime factors of q.
5, 11, 79
Let s(m) = -3*m + 24. Let b be s(18). Let k be (-7)/(63/b) + (-4)/(-6). Suppose 396 = k*p + 76. List the prime factors of p.
2, 5
Suppose -35*z = -75*z. Suppose -4*y + 2*r + 1184 = z, 0*r = 2*r - 4. List the prime factors of y.
3, 11
Suppose 19288*b = 19310*b - 212960. What are the prime factors of b?
2, 5, 11
Let y be 8 + 21/(3 - 10). Suppose -2*k + 552 = -y*m, -k - 4*m = 122 - 424. List the prime factors of k.
2, 11, 13
List the prime factors of ((-170)/(-272)*-24)/((-3)/1438).
2, 5, 719
Suppose -35*l + 6757 + 38288 = 0. List the prime factors of l.
3, 11, 13
Suppose 5*o + 5 = 2*j, j - 2*o - 3*o = 5. Suppose -200*s + 205*s - 2375 = j. List the prime factors of s.
5, 19
Let n = 528 - 526. Suppose -7*f = l - 10*f - 1154, 4*l - n*f = 4586. What are the prime factors of l?
5, 229
Let v(q) = 8*q**2 - 6*q - 12. Let a be v(-6). Let d = 31 + -16. List the prime factors of (a/(-15))/((-6)/d).
2, 13
Suppose -2*p = -v + 2*v + 7, 5*v + 4*p + 29 = 0. Let i(q) = 7*q**2 + 3 - 8*q**2 + 2*q**3 - 5 - 2*q - 3*q**3 + q. List the prime factors of i(v).
103
Let j(u) = -399*u**3 + 5*u**2 - 27*u - 157. List the prime factors of j(-6).
86369
Let t(y) = 7*y + 65. Let a be t(-9). Suppose -i - a*x = -10 - 4, 3*i = -x + 22. Suppose i*g - 605 = 409. What are the prime factors of g?
13
Suppose 5*f = -5*z + 115, -3*f = -5*z + 197 - 42. Let a(c) = -c + 15*c + 4 - z*c - 54*c. What are the prime factors of a(-1)?
2, 3
List the prime factors of (5916/14)/((-499)/(-76846)).
2, 3, 11, 17, 29
Suppose 4*b - 39517 = -w, 140*w = 142*w - 3*b - 79045. What are the prime factors of w?
39521
Suppose 10*v + 27 = -3. List the prime factors of (5/(-2))/(v + -2)*1494.
3, 83
Let m = 167 - 123. Suppose x - 694 = -5*q, 3*x + 308 = 2*q + m. What are the prime factors of q?
2, 3, 23
Let q be 29*(-2)/6*(15 + -12). Let c = 501 + -352. Let h = c + q. List the prime factors of h.
2, 3, 5
Let n be -8*(-3)/(-6) + (2 - -2). Suppose 5*a - 509 + 224 = n. What are the prime factors of a?
3, 19
Suppose 4466 = 29*b - 15*b. Let r = -173 + b. List the prime factors of r.
2, 73
Let s be (22/22)/((-2)/(-4)). Suppose 2*z = -s*u + 228 + 138, -5*z + 3*u + 923 = 0. List the prime factors of z.
2, 23
Suppose 16 = -4*h + 48. Suppose -3*g + 355 = 2*q - h*g, -4*q - g = -721. What are the prime factors of q?
2, 3, 5
Let f = 706 + 1168. Suppose f - 29 = 5*o. What are the prime factors of o?
3, 41
Suppose -k + 1 = -3. Suppose 1309 - 309 = k*n. List the prime factors of n.
2, 5
Let b be 3/4*(4 - 0)/1. List the prime factors of (-34440)/(-96) + b/12.
359
Let w = 126 + -343. Let j = w - -491. What are the prime factors of j?
2, 137
Let t(y) = -7*y + 119. Let z = -23 + 23. What are the prime factors of t(z)?
7, 17
Suppose -25*m - 20 - 80 = 0. What are the prime factors of 637 - (-7)/(m + -3)?
2, 3, 53
Suppose 213257 + 274638 = 77*a + 34596. What are the prime factors of a?
7, 29
Suppose 4*j - 3*j = 0, 0 = -5*m + j + 11656 + 90699. What are the prime factors of m?
11, 1861
Let p(k) be the second derivative of 5*k**5/4 - k**4/12 + k**3/2 - k**2/2 - 5*k - 1. What are the prime factors of p(2)?
3, 67
Let i(p) = -26*p - 50. Let s be 10/(-4)*378/105. What are the prime factors of i(s)?
2, 23
Suppose 704*u - 81220 = -5*a + 699*u, -2*a + 3*u + 32488 = 0. List the prime factors of a.
2, 31, 131
Suppose 5*v + j - 18 = 0, -2*v + 5*j - 18 = -3*v. Suppose 0 = -3*d + 10*b - 7*b + 72, -d + 40 = v*b. List the prime factors of d.
2, 7
Let d(g) = 833*g**2 + 151*g - 1066. What are the prime factors of d(6)?
2, 7457
Suppose 540643 = 34*g + 138185. List the prime factors of g.
7, 19, 89
Suppose -8*q = -1817 - 14631. What are the prime factors of q?
2, 257
Let v = 304 + -181. Suppose 0 = -169*s + 118*s - 51. Let m = v - s. What are the prime factors of m?
2, 31
Suppose 3*u = u - 8. Suppose -2*c = q, -2*q - 3*q - 26 = -3*c. What are the prime factors of 61/(u/(c + -6))?
61
Suppose -2*n = -5*w - 0*n + 8, 2*w + 16 = -4*n. Suppose w = r - 5*b - 297, 2*r + 3*b = -b + 622. Let t = r - 141. What are the prime factors of t?
2, 83
What are the prime factors of 11/(154/47530) - 8?
3, 1129
Let w be (-1)/(1/(-2)) + 0. Let f = 3255 - 2766. Suppose x + j = w*j + 98, -4*j - f = -5*x. List the prime factors of x.
97
Let w(f) = 202*f**2 + 6*f. List the prime factors of w(4).
2, 11, 37
Let k = 12 + -7. Let z(j) = -j**2 + 5*j + 2. Let m be z(5). Suppose -m*h + 10 = 2*p + 2*p, 5*h - k*p = 100. What are the prime factors of h?
3, 5
Let d = -212 - -380. What are the prime factors of d/(-120) + 6162/5?
1231
Let u(z) = -z**3 + 117*z**2 - 145*z - 10. List the prime factors of u(115).
3, 5, 7, 31
Let v(m) = -7*m - 12. Let i be v(7). Let g = i - -70. Suppose -g*l = -6*l - 63. What are the prime factors of l?
3, 7
Let u = -298 + 418. Suppose 214*c - 213*c - u = 0. What are the prime factors of c?
2, 3, 5
Let y(n) = 22*n**2 - 22*n - 115. What are the prime factors of y(-24)?
5, 2617
Let c(a) be the third derivative of -a**4/24 + 7*a**3/2 + 23*a**2. Let n be c(16). Suppose -n*h = 278 - 1018. What are the prime factors of h?
2, 37
Suppose 56*z = -18*z + 3054794. List the prime factors of z.
41281
Let h be (8 + 1)/(3/3). Suppose 4*a + 27 + 4 = -r, 2*a + 33 = 3*r. List the prime factors of h/(-2)*-1*(-282)/a.
3, 47
Let g = 320 + -595. Let f be ((-11)/(g/30))/(3/(-20)). Let h(n) = -n**2 - 11*n + 6. What are the prime factors of h(f)?
2, 3, 5
Let m(v) = -5*v + 4. Let f be m(10). Let b be 2/12 + f/(-12). Suppose -3*y = b*n - 485, 5*n = -0*n + 25. What are the prime factors of y?
5, 31
Suppose 52*d - 50*d - 53956 = -4*a, 5*d = -4*a + 53974. List the prime factors of a.
2, 11, 613
Let m(v) = -798*v + 2. Let q be m(-1). Suppose 0 = 5*g - g - q. Suppose 2*y - 69 = -2*l + 31, -g = -4*y + l. List the prime factors of y.
2, 5
Suppose -6*r + 3*p + 300 = -2*r, -225 = -3*r + 2*p. Let h = 77 - r. Suppose -h*v = 2*v - 520. List the prime factors of v.
2, 5, 13
Suppose 192 = 59*i + 37*i. Let l(k) = -5 + 7*k**3 + 2*k + 2*k - 3*k. What are the prime factors of l(i)?
53
Let u(v) = -14*v - 30. Let i be (3 - (-3)/2)*12/9. Let t be i*-3*(-1)/(0 - 2). What are the prime factors of u(t)?
2, 3
Suppose o - 18262 = 5*i - 5272, 26022 = 2*o + 4*i. What are the prime factors of o?
3, 5, 17
Let r = 2160 + 1332. What are the prime factors of r?
2, 3, 97
Suppose 0 = 4*m - 8*m + 8, 9*m = -4*o + 11262. List the prime factors of o.
3, 937
Let q(z) = -117*z**3 - 5*z**2 - 13*z - 37. List the prime factors of q(-5).
2, 227
Suppose -5*g + 253 + 107 = 0. Suppose -58 + 52 = -3*v. Suppose v*m - g = -m. List the prime factors of m.
2, 3
Suppose -5*x = -5*g + 2070 + 560, 0 = 3*g - 2*x - 1576. Suppose 0 = -19*z + g + 578. What are the prime factors of z?
2, 29
Suppose 0*d = -3*d + 4*w - 250, -3*d - 226 = 2*w. Let s = d + 81. Suppose 3*b - s*j - 36 = -0*j, -3*b + 4*j + 41 = 0. List the prime factors of b.
7
Suppose 0 = -4*x + f - 8 - 2, 0 = -3*x + 3*f - 12. Let a be x*(-9)/(-12)*2. List the prime factors of (303/(-1))/a + -4.
97
Let r(l) = 2*l + 38. Let p be r(-11). Let w(f) = 2*f**2 - 26*f + 125. List the prime factors of w(p).
13, 17
Suppose 18949 = 3*f + 19*s - 17*s, -4*f + 25266 = 3*s. List the prime factors of f.
3, 5, 421
Suppose 0*i - 304 = 4*i. Let k = i - -393. List the prime factors of k.
317
Let c(j) = -1867*j + 7072. List the prime factors of c(-34).
2, 5, 17, 83
Let u be 2152 + -1 + 1*(-3)/(-1). Suppose -13*s + 1096 = -u. Wha